{"id":2475,"date":"2014-10-01T10:50:34","date_gmt":"2014-10-01T08:50:34","guid":{"rendered":"http:\/\/www.rezon-poznan.pl\/?page_id=2475"},"modified":"2026-03-30T16:25:36","modified_gmt":"2026-03-30T14:25:36","slug":"regulamin","status":"publish","type":"page","link":"https:\/\/rezon-poznan.pl\/squash\/squash\/liga-rezon-monday-tour\/regulamin\/","title":{"rendered":"Regulamin"},"content":{"rendered":"<p>[et_pb_section fb_built=&#8221;1&#8243; _builder_version=&#8221;4.16&#8243; background_image=&#8221;https:\/\/rezon-poznan.pl\/squash\/wp-content\/uploads\/2017\/10\/slider-squash.jpg&#8221; custom_margin=&#8221;0px||0px|&#8221; custom_padding=&#8221;5px||5px|&#8221; global_colors_info=&#8221;{}&#8221;][et_pb_row _builder_version=&#8221;4.16&#8243; global_colors_info=&#8221;{}&#8221;][et_pb_column type=&#8221;4_4&#8243; _builder_version=&#8221;4.16&#8243; custom_padding=&#8221;|||&#8221; global_colors_info=&#8221;{}&#8221; custom_padding__hover=&#8221;|||&#8221;][et_pb_text _builder_version=&#8221;4.16&#8243; text_font=&#8221;Paytone One||||||||&#8221; text_font_size=&#8221;55px&#8221; text_orientation=&#8221;center&#8221; background_layout=&#8221;dark&#8221; module_alignment=&#8221;center&#8221; global_colors_info=&#8221;{}&#8221;]REZON MONDAY TOUR &#8211; REGULAMIN<br \/>\n[\/et_pb_text][\/et_pb_column][\/et_pb_row][\/et_pb_section][et_pb_section fb_built=&#8221;1&#8243; _builder_version=&#8221;4.16&#8243; background_image=&#8221;http:\/\/rezon-poznan.pl\/wp-content\/uploads\/2017\/11\/background.png&#8221; parallax=&#8221;on&#8221; parallax_method=&#8221;off&#8221; global_colors_info=&#8221;{}&#8221;][et_pb_row _builder_version=&#8221;4.16&#8243; global_colors_info=&#8221;{}&#8221;][et_pb_column type=&#8221;4_4&#8243; _builder_version=&#8221;4.16&#8243; custom_padding=&#8221;|||&#8221; global_colors_info=&#8221;{}&#8221; custom_padding__hover=&#8221;|||&#8221;][et_pb_code _builder_version=&#8221;4.16&#8243; global_colors_info=&#8221;{}&#8221;]<a name=\"LIGAREGULAMIN\"><\/a>[\/et_pb_code][\/et_pb_column][\/et_pb_row][et_pb_row column_structure=&#8221;1_2,1_2&#8243; _builder_version=&#8221;4.16&#8243; background_size=&#8221;initial&#8221; background_position=&#8221;top_left&#8221; background_repeat=&#8221;repeat&#8221; global_colors_info=&#8221;{}&#8221;][et_pb_column type=&#8221;1_2&#8243; _builder_version=&#8221;4.16&#8243; custom_padding=&#8221;|||&#8221; global_colors_info=&#8221;{}&#8221; custom_padding__hover=&#8221;|||&#8221;][et_pb_image src=&#8221;https:\/\/rezon-poznan.pl\/squash\/wp-content\/uploads\/2018\/03\/DSC06413kadrBB.jpg&#8221; align_tablet=&#8221;center&#8221; align_phone=&#8221;&#8221; align_last_edited=&#8221;on|desktop&#8221; _builder_version=&#8221;4.16&#8243; animation_style=&#8221;flip&#8221; always_center_on_mobile=&#8221;on&#8221; global_colors_info=&#8221;{}&#8221;]&nbsp;<br \/>\n[\/et_pb_image][\/et_pb_column][et_pb_column type=&#8221;1_2&#8243; _builder_version=&#8221;4.16&#8243; custom_padding=&#8221;|||&#8221; global_colors_info=&#8221;{}&#8221; custom_padding__hover=&#8221;|||&#8221;][et_pb_text _builder_version=&#8221;4.16&#8243; text_font=&#8221;Paytone One|700|||||||&#8221; text_text_color=&#8221;#353535&#8243; text_font_size=&#8221;30px&#8221; text_letter_spacing=&#8221;2px&#8221; background_layout=&#8221;dark&#8221; global_colors_info=&#8221;{}&#8221;]<\/p>\n<p class=\"hentry__title\">Regulamin<\/p>\n<p>[\/et_pb_text][et_pb_text _builder_version=&#8221;4.16&#8243; global_colors_info=&#8221;{}&#8221;]<\/p>\n<ol>\n<li><span>Liga Rezon Monday Tour jest to cykl 16 kolejek rozgrywanych co poniedzia\u0142ek w godz. 20:00 &#8211; 22:00.<\/span><\/li>\n<li><strong>Rozgrywki odbywaj\u0105 si\u0119 w rundzie jesiennej i wiosennej.<\/strong><\/li>\n<li>Terminarz Ligi REZON MONDAY TOUR dost\u0119pny na recepcji.<\/li>\n<li>Zg\u0142oszenia na dan\u0105 kolejk\u0119: telefonicznie, mailowo b\u0105d\u017a w systemie bo5.<span><\/span><\/li>\n<li>Po zg\u0142oszeniu ka\u017cdy gracz zostaje przydzielony do jednej z grup bior\u0105c pod uwag\u0119 jego poziom gry. Grupy 5-6 osobowe w zale\u017cno\u015bci od liczby wszystkich os\u00f3b w danej kolejce.<\/li>\n<li>Mecze 2 setowe w grupach \u201eka\u017cdy z ka\u017cdym\u201d.<\/li>\n<li>Po rozegraniu kolejki ligowej zawodnicy otrzymuj\u0105 punkty do rankingu.<\/li>\n<\/ol>\n<div class=\"supsystic-table-loader spinner\"style=\"background-color:#000000\"><\/div><div id=\"supsystic-table-3_1696\" class=\"supsystic-tables-wrap \" style=\" width:100%; visibility: hidden; \" data-table-width-fixed=\"100%\" data-table-width-mobile=\"100%\" ><table id=\"supsystic-table-3\" class=\"supsystic-table border lightboxImg cell-border\" data-id=\"3\" data-view-id=\"3_1696\" data-title=\"Regulamin Squash\" data-currency-format=\"$1,000.00\" data-percent-format=\"10.00%\" data-date-format=\"DD.MM.YYYY\" data-time-format=\"HH:mm\" data-features=\"[&quot;after_table_loaded_script&quot;]\" data-search-value=\"\" data-lightbox-img=\"\" data-head-rows-count=\"1\" data-pagination-length=\"50,100,All\" data-auto-index=\"off\" data-searching-settings=\"{&quot;columnSearchPosition&quot;:&quot;bottom&quot;,&quot;minChars&quot;:&quot;0&quot;}\" data-lang=\"default\" data-override=\"{&quot;emptyTable&quot;:&quot;&quot;,&quot;info&quot;:&quot;&quot;,&quot;infoEmpty&quot;:&quot;&quot;,&quot;infoFiltered&quot;:&quot;&quot;,&quot;lengthMenu&quot;:&quot;&quot;,&quot;search&quot;:&quot;&quot;,&quot;zeroRecords&quot;:&quot;&quot;,&quot;exportLabel&quot;:&quot;&quot;,&quot;file&quot;:&quot;default&quot;}\" data-merged=\"[]\" data-responsive-mode=\"0\" data-from-history=\"0\" ><thead><tr><th class=\"\" style=\"width:; padding: 0 !important;\"><\/th><th class=\"\" style=\"width:; padding: 0 !important;\"><\/th><th class=\"\" style=\"width:; padding: 0 !important;\"><\/th><th class=\"\" style=\"width:; padding: 0 !important;\"><\/th><th class=\"\" style=\"width:; padding: 0 !important;\"><\/th><\/tr><\/thead><tbody><tr style=\"height:px\" ><td data-cell-id=\"A1\" data-x=\"0\" data-y=\"1\" data-db-index=\"1\" class=\"htCenter\" data-cell-type=\"text\" data-original-value=\"\" data-order=\"\" style=\"min-width:20%; \" ><\/td><td data-cell-id=\"B1\" data-x=\"1\" data-y=\"1\" data-db-index=\"1\" class=\"htCenter\" data-cell-type=\"text\" data-original-value=\"A\" data-order=\"A\" style=\"min-width:20%; \" >A <\/td><td data-cell-id=\"C1\" data-x=\"2\" data-y=\"1\" data-db-index=\"1\" class=\"htCenter\" data-cell-type=\"text\" data-original-value=\"B\" data-order=\"B\" style=\"min-width:20%; \" >B <\/td><td data-cell-id=\"D1\" data-x=\"3\" data-y=\"1\" data-db-index=\"1\" class=\"htCenter\" data-cell-type=\"text\" data-original-value=\"C\" data-order=\"C\" style=\"min-width:20%; \" >C <\/td><td data-cell-id=\"E1\" data-x=\"4\" data-y=\"1\" data-db-index=\"1\" class=\"htCenter\" data-cell-type=\"text\" data-original-value=\"D\" data-order=\"D\" style=\"min-width:20%; \" >D <\/td><\/tr><tr style=\"height:px\" ><td data-cell-id=\"A2\" data-x=\"0\" data-y=\"2\" data-db-index=\"2\" class=\"htCenter\" data-cell-type=\"text\" data-original-value=\"1\" data-order=\"1\" >1 <\/td><td data-cell-id=\"B2\" data-x=\"1\" data-y=\"2\" data-db-index=\"2\" class=\"htCenter\" data-cell-type=\"text\" data-original-value=\"500\" data-order=\"500\" >500 <\/td><td data-cell-id=\"C2\" data-x=\"2\" data-y=\"2\" data-db-index=\"2\" class=\"htCenter\" data-cell-type=\"text\" data-original-value=\"440\" data-order=\"440\" >440 <\/td><td data-cell-id=\"D2\" data-x=\"3\" data-y=\"2\" data-db-index=\"2\" class=\"htCenter\" data-cell-type=\"text\" data-original-value=\"380\" data-order=\"380\" >380 <\/td><td data-cell-id=\"E2\" data-x=\"4\" data-y=\"2\" data-db-index=\"2\" class=\"htCenter\" data-cell-type=\"text\" data-original-value=\"320\" data-order=\"320\" >320 <\/td><\/tr><tr style=\"height:px\" ><td data-cell-id=\"A3\" data-x=\"0\" data-y=\"3\" data-db-index=\"3\" class=\"htCenter\" data-cell-type=\"text\" data-original-value=\"2\" data-order=\"2\" >2 <\/td><td data-cell-id=\"B3\" data-x=\"1\" data-y=\"3\" data-db-index=\"3\" class=\"htCenter\" data-cell-type=\"text\" data-original-value=\"490\" data-order=\"490\" >490 <\/td><td data-cell-id=\"C3\" data-x=\"2\" data-y=\"3\" data-db-index=\"3\" class=\"htCenter\" data-cell-type=\"text\" data-original-value=\"430\" data-order=\"430\" >430 <\/td><td data-cell-id=\"D3\" data-x=\"3\" data-y=\"3\" data-db-index=\"3\" class=\"htCenter\" data-cell-type=\"text\" data-original-value=\"370\" data-order=\"370\" >370 <\/td><td data-cell-id=\"E3\" data-x=\"4\" data-y=\"3\" data-db-index=\"3\" class=\"htCenter\" data-cell-type=\"text\" data-original-value=\"310\" data-order=\"310\" >310 <\/td><\/tr><tr style=\"height:px\" ><td data-cell-id=\"A4\" data-x=\"0\" data-y=\"4\" data-db-index=\"4\" class=\"htCenter\" data-cell-type=\"text\" data-original-value=\"3\" data-order=\"3\" >3 <\/td><td data-cell-id=\"B4\" data-x=\"1\" data-y=\"4\" data-db-index=\"4\" class=\"htCenter\" data-cell-type=\"text\" data-original-value=\"480\" data-order=\"480\" >480 <\/td><td data-cell-id=\"C4\" data-x=\"2\" data-y=\"4\" data-db-index=\"4\" class=\"htCenter\" data-cell-type=\"text\" data-original-value=\"420\" data-order=\"420\" >420 <\/td><td data-cell-id=\"D4\" data-x=\"3\" data-y=\"4\" data-db-index=\"4\" class=\"htCenter\" data-cell-type=\"text\" data-original-value=\"360\" data-order=\"360\" >360 <\/td><td data-cell-id=\"E4\" data-x=\"4\" data-y=\"4\" data-db-index=\"4\" class=\"htCenter\" data-cell-type=\"text\" data-original-value=\"300\" data-order=\"300\" >300 <\/td><\/tr><tr style=\"height:px\" ><td data-cell-id=\"A5\" data-x=\"0\" data-y=\"5\" data-db-index=\"5\" class=\"htCenter\" data-cell-type=\"text\" data-original-value=\"4\" data-order=\"4\" >4 <\/td><td data-cell-id=\"B5\" data-x=\"1\" data-y=\"5\" data-db-index=\"5\" class=\"htCenter\" data-cell-type=\"text\" data-original-value=\"470\" data-order=\"470\" >470 <\/td><td data-cell-id=\"C5\" data-x=\"2\" data-y=\"5\" data-db-index=\"5\" class=\"htCenter\" data-cell-type=\"text\" data-original-value=\"410\" data-order=\"410\" >410 <\/td><td data-cell-id=\"D5\" data-x=\"3\" data-y=\"5\" data-db-index=\"5\" class=\"htCenter\" data-cell-type=\"text\" data-original-value=\"350\" data-order=\"350\" >350 <\/td><td data-cell-id=\"E5\" data-x=\"4\" data-y=\"5\" data-db-index=\"5\" class=\"htCenter\" data-cell-type=\"text\" data-original-value=\"290\" data-order=\"290\" >290 <\/td><\/tr><tr style=\"height:px\" ><td data-cell-id=\"A6\" data-x=\"0\" data-y=\"6\" data-db-index=\"6\" class=\"htCenter\" data-cell-type=\"text\" data-original-value=\"5\" data-order=\"5\" >5 <\/td><td data-cell-id=\"B6\" data-x=\"1\" data-y=\"6\" data-db-index=\"6\" class=\"htCenter\" data-cell-type=\"text\" data-original-value=\"460\" data-order=\"460\" >460 <\/td><td data-cell-id=\"C6\" data-x=\"2\" data-y=\"6\" data-db-index=\"6\" class=\"htCenter\" data-cell-type=\"text\" data-original-value=\"400\" data-order=\"400\" >400 <\/td><td data-cell-id=\"D6\" data-x=\"3\" data-y=\"6\" data-db-index=\"6\" class=\"htCenter\" data-cell-type=\"text\" data-original-value=\"340\" data-order=\"340\" >340 <\/td><td data-cell-id=\"E6\" data-x=\"4\" data-y=\"6\" data-db-index=\"6\" class=\"htCenter\" data-cell-type=\"text\" data-original-value=\"280\" data-order=\"280\" >280 <\/td><\/tr><tr style=\"height:px\" ><td data-cell-id=\"A7\" data-x=\"0\" data-y=\"7\" data-db-index=\"7\" class=\"htCenter\" data-cell-type=\"text\" data-original-value=\"6\" data-order=\"6\" >6 <\/td><td data-cell-id=\"B7\" data-x=\"1\" data-y=\"7\" data-db-index=\"7\" class=\"htCenter\" data-cell-type=\"text\" data-original-value=\"450\" data-order=\"450\" >450 <\/td><td data-cell-id=\"C7\" data-x=\"2\" data-y=\"7\" data-db-index=\"7\" class=\"htCenter\" data-cell-type=\"text\" data-original-value=\"390\" data-order=\"390\" >390 <\/td><td data-cell-id=\"D7\" data-x=\"3\" data-y=\"7\" data-db-index=\"7\" class=\"htCenter\" data-cell-type=\"text\" data-original-value=\"330\" data-order=\"330\" >330 <\/td><td data-cell-id=\"E7\" data-x=\"4\" data-y=\"7\" data-db-index=\"7\" class=\"htCenter\" data-cell-type=\"text\" data-original-value=\"270\" data-order=\"270\" >270 <\/td><\/tr><\/tbody><\/table><!-- \/#supsystic-table-3.supsystic-table --><\/div><!-- \/.supsystic-tables-wrap --><!-- Tables Generator by Supsystic --><!-- Version:1.11.1 --><!-- http:\/\/supsystic.com\/ --><a title=\"WP Table Builder\" style=\"display:none;\" href=\"https:\/\/supsystic.com\/plugins\/wordpress-data-table-plugin\/?utm_medium=love_link\" target=\"_blank\">WP Table Builder<\/a>\n<ol start=\"8\">\n<ol start=\"8\">\n<li>O przydziale do poszczeg\u00f3lnych grup decyduje kolejno:<\/li>\n<ul>\n<li>Miejsce zaj\u0119te w poprzednim sezonie ligowym<\/li>\n<li>Wyst\u0119p w ostatniej kolejce<\/li>\n<li>Dzika karta organizatora<\/li>\n<li>Suma punkt\u00f3w z dotychczasowych kolejek<\/li>\n<\/ul>\n<ol start=\"9\">\n<li>Po ka\u017cdej zako\u0144czonej kolejce 1-2 najlepszych zawodnik\u00f3w z danej grupy awansuje do grupy wy\u017cszej, natomiast 1-2 najs\u0142abszych spada do grupy ni\u017cszej.<\/li>\n<li>Nieobecno\u015b\u0107 na danej kolejce bez wcze\u015bniejszej informacji powoduje spadek do grupy ni\u017cszej.<\/li>\n<li>Organizator ma prawo do zakwalifikowania zawodnika do grupy wy\u017cszej lub ni\u017cszej\u00a0ni\u017c to wynika z ostatnich kolejek.<\/li>\n<li>Wpisowe nale\u017cy ui\u015bci\u0107 u organizatora przed rozpocz\u0119ciem kolejki ligowej.<\/li>\n<\/ol>\n<\/ol>\n<\/ol>\n<ol start=\"8\">\n<ol start=\"8\">\n<ol start=\"13\">\n<li>Organizator ma prawo do zmian w regulaminie.<\/li>\n<li>Zapisy:<\/li>\n<\/ol>\n<ul>\n<li>Telefonicznie:\u00a0880 984 886<\/li>\n<li>Mailowo:\u00a0<a href=\"mailto:recepcja@rezon-poznan.pl\">recepcja@rezon-poznan.pl<\/a><\/li>\n<li>W recepcji klubu Centrum Rezon<\/li>\n<\/ul>\n<\/ol>\n<\/ol>\n<p>&nbsp;<\/p>\n<p><em>Emocje gwarantowane!\u00a0<\/em><br \/><em>Do zobaczenia na korcie!<\/em><\/p>\n<p>[\/et_pb_text][\/et_pb_column][\/et_pb_row][\/et_pb_section][et_pb_section fb_built=&#8221;1&#8243; _builder_version=&#8221;3.0.86&#8243; background_color=&#8221;#a8a8a8&#8243; background_image=&#8221;https:\/\/rezon-poznan.pl\/squash\/wp-content\/uploads\/2017\/11\/background.png&#8221; parallax=&#8221;on&#8221; parallax_method=&#8221;off&#8221; custom_padding=&#8221;17px|0px|0px|0px&#8221; global_module=&#8221;6683&#8243; global_colors_info=&#8221;{}&#8221;][et_pb_row column_structure=&#8221;1_4,1_4,1_4,1_4&#8243; _builder_version=&#8221;4.16&#8243; background_size=&#8221;initial&#8221; background_position=&#8221;top_left&#8221; background_repeat=&#8221;repeat&#8221; custom_padding=&#8221;6px|0px|36px|0px&#8221; global_colors_info=&#8221;{}&#8221;][et_pb_column type=&#8221;1_4&#8243; _builder_version=&#8221;4.16&#8243; custom_padding=&#8221;|||&#8221; global_colors_info=&#8221;{}&#8221; custom_padding__hover=&#8221;|||&#8221;][et_pb_image src=&#8221;https:\/\/rezon-poznan.pl\/squash\/wp-content\/uploads\/2017\/11\/logo-squash.png&#8221; align_tablet=&#8221;center&#8221; align_phone=&#8221;&#8221; align_last_edited=&#8221;on|desktop&#8221; _builder_version=&#8221;4.16&#8243; max_width=&#8221;80%&#8221; module_alignment=&#8221;left&#8221; custom_margin=&#8221;0px|||&#8221; animation_style=&#8221;fold&#8221; always_center_on_mobile=&#8221;on&#8221; global_colors_info=&#8221;{}&#8221;][\/et_pb_image][\/et_pb_column][et_pb_column type=&#8221;1_4&#8243; _builder_version=&#8221;4.16&#8243; custom_padding=&#8221;|||&#8221; global_colors_info=&#8221;{}&#8221; custom_padding__hover=&#8221;|||&#8221;][et_pb_text _builder_version=&#8221;4.16&#8243; text_font=&#8221;Paytone One||||||||&#8221; text_text_color=&#8221;#ffffff&#8221; text_font_size=&#8221;15px&#8221; text_text_shadow_style=&#8221;preset3&#8243; global_colors_info=&#8221;{}&#8221;]<\/p>\n<p>CENTRUM REZON<\/p>\n<p>[\/et_pb_text][et_pb_text _builder_version=&#8221;4.16&#8243; text_font=&#8221;Lato||||||||&#8221; text_font_size=&#8221;15px&#8221; global_colors_info=&#8221;{}&#8221;]<\/p>\n<p>ul. Kolejowa 32\u200e<br \/>62-064\u00a0<span style=\"font-size: 15px;\">Plewiska <\/span><\/p>\n<p>[\/et_pb_text][\/et_pb_column][et_pb_column type=&#8221;1_4&#8243; _builder_version=&#8221;4.16&#8243; custom_padding=&#8221;|||&#8221; global_colors_info=&#8221;{}&#8221; custom_padding__hover=&#8221;|||&#8221;][et_pb_text _builder_version=&#8221;4.16&#8243; text_font=&#8221;Paytone One||||||||&#8221; text_font_size=&#8221;15px&#8221; background_layout=&#8221;dark&#8221; text_text_shadow_style=&#8221;preset3&#8243; global_colors_info=&#8221;{}&#8221;]<\/p>\n<p>REZERWACJE<\/p>\n<p>[\/et_pb_text][et_pb_text _builder_version=&#8221;4.16&#8243; text_font=&#8221;Lato||||||||&#8221; text_font_size=&#8221;15px&#8221; global_colors_info=&#8221;{}&#8221;]<\/p>\n<p><span style=\"font-size: 10.5pt; line-height: 115%;\">Rezerwacja kort\u00f3w pod numerem: <b>880-984-886<\/b> oraz <a href=\"http:\/\/www.latwa-rezerwacja.pl\/rezonpoznan\" target=\"_blank\" rel=\"noopener noreferrer\">on-line<\/a><\/span><\/p>\n<p>[\/et_pb_text][\/et_pb_column][et_pb_column type=&#8221;1_4&#8243; _builder_version=&#8221;4.16&#8243; custom_padding=&#8221;|||&#8221; global_colors_info=&#8221;{}&#8221; custom_padding__hover=&#8221;|||&#8221;][et_pb_text _builder_version=&#8221;4.16&#8243; text_font=&#8221;Paytone One||||||||&#8221; text_font_size=&#8221;15px&#8221; background_layout=&#8221;dark&#8221; text_text_shadow_style=&#8221;preset3&#8243; global_colors_info=&#8221;{}&#8221;]<\/p>\n<p>WYDARZENIA<\/p>\n<p>[\/et_pb_text][et_pb_sidebar area=&#8221;sidebar-1&#8243; show_border=&#8221;off&#8221; _builder_version=&#8221;4.16&#8243; header_font=&#8221;Lato||||||||&#8221; text_orientation=&#8221;center&#8221; global_colors_info=&#8221;{}&#8221;][\/et_pb_sidebar][\/et_pb_column][\/et_pb_row][\/et_pb_section]<\/p>\n","protected":false},"excerpt":{"rendered":"<p>REZON MONDAY TOUR &#8211; REGULAMIN &nbsp; Regulamin Liga Rezon Monday Tour jest to cykl 16 kolejek rozgrywanych co poniedzia\u0142ek w godz. 20:00 &#8211; 22:00. Rozgrywki odbywaj\u0105 si\u0119 w rundzie jesiennej i wiosennej. Terminarz Ligi REZON MONDAY TOUR dost\u0119pny na recepcji. Zg\u0142oszenia na dan\u0105 kolejk\u0119: telefonicznie, mailowo b\u0105d\u017a w systemie bo5. Po zg\u0142oszeniu ka\u017cdy gracz zostaje [&hellip;]<\/p>\n","protected":false},"author":3,"featured_media":0,"parent":6147,"menu_order":1,"comment_status":"closed","ping_status":"closed","template":"","meta":{"_et_pb_use_builder":"on","_et_pb_old_content":"<strong>Regulamin i system rozgrywek ligowych Rezon Monday Tour:<\/strong>\r\n<ol>\r\n \t<li>Liga Rezon Monday Tour to cykl 9\u00a0kolejek rozgrywanych co poniedzia\u0142ek o godz 20.00. Do ko\u0144cowego rozrachunku liczy si\u0119 <strong>7 z 9<\/strong> <strong>kolejek!<\/strong><\/li>\r\n \t<li>Terminarz Ligi REZON MONDAY TOUR:\r\n<a href=\"http:\/\/bo5.pl\/rezon\/\" target=\"_blank\">http:\/\/bo5.pl\/rezon\/<\/a><\/li>\r\n \t<li>Zawodnicy potwierdzaj\u0105 telefonicznie lub mailowo swoj\u0105 obecno\u015b\u0107 na dan\u0105 kolejk\u0119 najp\u00f3\u017aniej <strong>do niedzieli do godz. 20.00 !!!<\/strong><\/li>\r\n \t<li>Po zg\u0142oszeniu ka\u017cdy gracz zostaje przydzielony do jednej z grup bior\u0105c pod uwag\u0119 jego poziom gry. Grupy <strong>5-6 osobowe<\/strong> w zale\u017cno\u015bci od ilo\u015bci wszystkich os\u00f3b w danej kolejce.<\/li>\r\n \t<li>Mecze 2-3 setowe w grupach \u201eka\u017cdy z ka\u017cdym\u201d.<\/li>\r\n<\/ol>\r\n<ol start=\"6\">\r\n \t<li>Po rozegraniu kolejki ligowej zawodnicy otrzymuj\u0105 punkty do rankingu.<\/li>\r\n \t<li>O przydziale do poszczeg\u00f3lnych grup decyduje kolejno:<\/li>\r\n<\/ol>\r\n<ul>\r\n \t<li>miejsce zaj\u0119te w poprzednim sezonie ligowym<\/li>\r\n \t<li>dzika karta organizatora<\/li>\r\n \t<li>wyst\u0119p w ostatniej kolejce<\/li>\r\n \t<li>suma punkt\u00f3w z dotychczasowych kolejek<\/li>\r\n<\/ul>\r\n<ol start=\"8\">\r\n \t<li>Po ka\u017cdej zako\u0144czonej kolejce 2 najlepszych zawodnik\u00f3w z danej grupy awansuje do grupy wy\u017cszej, natomiast 2 najs\u0142abszych spada do grupy ni\u017cszej.<\/li>\r\n \t<li>Organizator ma prawo do zakwalifikowania zawodnika do grupy wy\u017cszej lub ni\u017cszej\u00a0ni\u017c to wynika z ostatnich kolejek.<\/li>\r\n \t<li>Wpisowe na dan\u0105 kolejk\u0119 ligow\u0105 wynosi:<\/li>\r\n<\/ol>\r\n<ul>\r\n \t<li>35 z\u0142 p\u0142atne got\u00f3wk\u0105<\/li>\r\n \t<li>\u2212 15 z\u0142 dla posiadaczy kart: Benefit, OK System, Fit Profit<\/li>\r\n<\/ul>\r\nWpisowe nale\u017cy ui\u015bci\u0107 u organizatora przed rozpocz\u0119ciem kolejki ligowej.\r\n<ol start=\"11\">\r\n \t<li>Organizator ma prawo do zmian w regulaminie.<\/li>\r\n \t<li>Zapisy:<\/li>\r\n<\/ol>\r\n<ul>\r\n \t<li>telefonicznie: <strong>783\u00a0823\u00a0283<\/strong><\/li>\r\n \t<li>mailowo: <strong>recepcja@rezon-poznan.pl<\/strong><\/li>\r\n<\/ul>\r\n<em>Emocje gwarantowane! ;)<\/em>\r\n<em> Do zobaczenia na korcie!<\/em>","_et_gb_content_width":"","footnotes":""},"class_list":["post-2475","page","type-page","status-publish","hentry"],"_links":{"self":[{"href":"https:\/\/rezon-poznan.pl\/squash\/wp-json\/wp\/v2\/pages\/2475","targetHints":{"allow":["GET"]}}],"collection":[{"href":"https:\/\/rezon-poznan.pl\/squash\/wp-json\/wp\/v2\/pages"}],"about":[{"href":"https:\/\/rezon-poznan.pl\/squash\/wp-json\/wp\/v2\/types\/page"}],"author":[{"embeddable":true,"href":"https:\/\/rezon-poznan.pl\/squash\/wp-json\/wp\/v2\/users\/3"}],"replies":[{"embeddable":true,"href":"https:\/\/rezon-poznan.pl\/squash\/wp-json\/wp\/v2\/comments?post=2475"}],"version-history":[{"count":25,"href":"https:\/\/rezon-poznan.pl\/squash\/wp-json\/wp\/v2\/pages\/2475\/revisions"}],"predecessor-version":[{"id":8306,"href":"https:\/\/rezon-poznan.pl\/squash\/wp-json\/wp\/v2\/pages\/2475\/revisions\/8306"}],"up":[{"embeddable":true,"href":"https:\/\/rezon-poznan.pl\/squash\/wp-json\/wp\/v2\/pages\/6147"}],"wp:attachment":[{"href":"https:\/\/rezon-poznan.pl\/squash\/wp-json\/wp\/v2\/media?parent=2475"}],"curies":[{"name":"wp","href":"https:\/\/api.w.org\/{rel}","templated":true}]}}